 z**3/3 - z**2 - 7*z + 3. Let f be x(5). List the prime factors of f/12 - 86/(-6).
3, 5
Let b(t) = t**3 - 5*t**2 - 5*t + 11. Let c be b(6). What are the prime factors of (-4 - -6 - -1) + c?
2, 5
Let w = 2 - -5. Suppose -2*d - 3*v + 22 = 0, -w - 20 = -3*d - 3*v. Suppose n = -4*i + 24, n + 21 = d*i - 0. List the prime factors of n.
2
What are the prime factors of (0 - 5/5)*-103?
103
Suppose -17 = -0*r - r. Suppose 5*z + 2 = r. List the prime factors of z.
3
Suppose 2*h + 0*h = 4. List the prime factors of 3 - (0 - -1 - h).
2
Suppose t + 4*t = 0. Suppose t = h + h - 56. List the prime factors of h.
2, 7
Let r be -1 - (-2 + (-1)/(-1)). Suppose -8 = 3*g - 5*g. Suppose -g*q + 5 + 11 = r. What are the prime factors of q?
2
Let a(v) = 2*v**3 - 10*v**2 - 12*v - 12. What are the prime factors of a(7)?
2, 5
Let c = -90 - -200. What are the prime factors of c?
2, 5, 11
Let t = 21 + -13. Let u(y) = -y + 12. Let j be u(t). Suppose -4*z - 28 = -6*z - x, -48 = -4*z - j*x. What are the prime factors of z?
2
Let k(n) = -n + 8. Let f be k(3). Let j = -57 - -90. Suppose j = f*b - 12. List the prime factors of b.
3
Suppose w = 2*w - 4. List the prime factors of w.
2
Suppose 2*y + 555 = 3*v, 0*v + v + y = 180. What are the prime factors of v?
3, 61
Suppose -4*p + 8*p - 4 = 0. Let f = 8 + p. Let q = f - 4. What are the prime factors of q?
5
Let m = -4 + 8. Suppose m*l = 5 + 15. What are the prime factors of l?
5
List the prime factors of 64/10 - (14/10 + -1).
2, 3
Let d(i) = i. Let g be d(2). Suppose -2 = g*l - 12. Suppose l*z = 2*s - 2, s - 2*z = 3 - 0. List the prime factors of s.
11
Let z(n) = n**3 + 5*n**2 + 2*n - 1. Suppose 2*t = -4, 4*g = -2*t - t + 14. Suppose 6 = -g*w - 9. List the prime factors of z(w).
11
List the prime factors of (2 - (-16)/(-12))*144 - 3.
3, 31
Let l(w) = 2*w**2 + 3*w - 18. What are the prime factors of l(-8)?
2, 43
Let y = 45 - 23. Suppose 2*x - y - 28 = 0. List the prime factors of x.
5
Let z(g) = -g**3 + 5*g**2 - 4*g + 6. Let r be z(4). List the prime factors of (3 - -15)/(r/4).
2, 3
Let v be (-2 + -1 - -9)*2. Let b = v - 6. List the prime factors of b.
2, 3
List the prime factors of (-2)/9 + (-274)/(-18) - -3.
2, 3
Let q(h) be the second derivative of h**7/420 + h**5/120 + 2*h**3/3 - 2*h. Let k(t) be the second derivative of q(t). What are the prime factors of k(1)?
3
Let c be 17 + 0 + (-4 - -5). Let d = -4 + c. List the prime factors of d.
2, 7
Let i(x) = -8*x**3 + x**2 - x + 1. Let o be i(1). Let q = 12 + o. What are the prime factors of q?
5
Suppose -7*t - 20 = -5*t. Let v = -5 - t. List the prime factors of v.
5
Let r = 8 + -4. Let p be ((-2)/3)/(r/24). Let c = p + 16. What are the prime factors of c?
2, 3
Let y = 24 + -21. List the prime factors of 75/y + -1 + 2.
2, 13
Suppose -304 - 100 = -2*k. What are the prime factors of k?
2, 101
Suppose 3*a = -0*a + 30. Let n = a - 7. What are the prime factors of n?
3
Let h(r) = 5*r + 3. Let k be h(3). Suppose -3*n + k = -0*n. List the prime factors of (n/8)/((-1)/(-8)).
2, 3
Suppose 2 = 4*d - 6. What are the prime factors of 81/d*(-36)/(-54)?
3
Let u(j) = 2*j**2 + 5*j + 3. List the prime factors of u(5).
2, 3, 13
Let t(q) = -q**3 - 2*q**2 + 2*q + 4. Let k be t(-3). Let w(x) = -x**3 + 8*x**2 - 8*x + 6. Let i be w(k). What are the prime factors of i/(-2) + (-57)/(-6)?
2, 5
Let g(q) = -2*q**3 + 2*q**2 - 2. List the prime factors of g(-5).
2, 149
Suppose 0*k - 2*t = -2*k, 0 = -2*k - 5*t. Suppose 0 = -2*r - r - 6, k = -5*i + 5*r - 70. Let a = -10 - i. List the prime factors of a.
2, 3
Let r(c) = 2*c**2 - 3*c. Let y(b) = -b**3 + 5*b**2 + 7*b - 2. Let f be y(6). List the prime factors of r(f).
2, 5
Let c = -380 - -643. List the prime factors of c.
263
Let y = 6 + -3. Suppose 19 = 5*g - m, -4*m + 20 = y*g + g. Suppose 38 = g*n + 3*t, 2*n - 23 = -n - 5*t. What are the prime factors of n?
11
Let t(x) = 3*x - 3. List the prime factors of t(2).
3
Let h be (34/4)/((-5)/(-80)). List the prime factors of h/7 + (-9)/21.
19
Let p be -5 - 12/(1 + 3). Let z(v) = -v**3 - 9*v**2 - 10*v + 1. List the prime factors of z(p).
17
Suppose -n + 2 = -3. Let x(k) = -k - 3. Let a be x(-6). Suppose -n*w + 2*f + 15 = -a*f, -2*f = -4*w + 12. List the prime factors of w.
3
Let g = 6 - 4. Suppose -6*q - 32 = -g*q. What are the prime factors of -2 - q - (3 + -1)?
2
Let g be -5 + 3 - 2*-4. Let m = g + 5. Let w = 22 - m. List the prime factors of w.
11
Let i(b) = -b**2 - 13*b + 6. Let f be i(-7). Let x = f + -31. What are the prime factors of x?
17
Suppose 3*w - 2*a + 6*a + 23 = 0, 5*a + 20 = 5*w. Let j = -3 - w. What are the prime factors of (13/1 - j) + -1?
2, 7
Let u = 158 - 102. What are the prime factors of u?
2, 7
Let l = 32 - -74. List the prime factors of l.
2, 53
Suppose -5*y + 115 = 5*r, -4*r + 3*y - 25 = -96. Let k = r + -10. List the prime factors of k.
2, 5
Let a(d) = d**3 + 6*d**2 - 7. Let m = 8 - 13. What are the prime factors of a(m)?
2, 3
Suppose -4 - 16 = -5*u. Suppose -4*d + 9 = -3*o - 14, -u*o + 1 = d. List the prime factors of d.
5
List the prime factors of 3 + (6/21 - (-95)/35).
2, 3
Suppose 16*d = 12*d + 16. Let l = d + 41. What are the prime factors of l?
3, 5
List the prime factors of (-4)/18 - (-254)/9.
2, 7
Let u(v) = -v**2 - 4*v - 5. Let d be u(-4). Let c = d + 7. Let a(o) = 2*o**3 - 2*o**2 + 2*o. What are the prime factors of a(c)?
2, 3
List the prime factors of (-39 - 3)*-1*1.
2, 3, 7
Let l(w) = -w**3 - 13*w - 9. List the prime factors of l(-5).
181
Let g(z) = z + 19. Let p be 2/(-11) - 291/33. What are the prime factors of g(p)?
2, 5
What are the prime factors of 10/(-25)*-10 + 165?
13
Let h(g) = -g**3 + 2*g**2 - g. Let x be h(2). Let u(d) = 4*d**2 - 1. Let p be u(x). Let w = p - -1. What are the prime factors of w?
2
Suppose -2*g = 4*q + 14, 0 = 5*g - 0*g + 2*q - 5. Suppose c - 4*f - 31 = 0, -2*f = -g*c + f + 75. List the prime factors of c.
23
Suppose 15 = -3*p - 15. Let l = 44 + p. List the prime factors of l.
2, 17
Let s(x) be the second derivative of x**5/20 + 5*x**4/6 - 2*x**3 - 9*x**2/2 - x. Let l be (-66)/2*3/9. List the prime factors of s(l).
2
Let b = 17 + -7. Let o(c) be the third derivative of -c**5/60 + c**4/2 - 3*c**3/2 - 5*c**2. What are the prime factors of o(b)?
11
Let b(s) = s. Suppose o - 3*x - 17 = -0*x, -3*o + 16 = -2*x. Suppose -5*y - 4*u + 32 = 0, -3*u - 2*u + 23 = o*y. What are the prime factors of b(y)?
2
Suppose -6*p + 24 = 2*n - p, 4*n + 2*p - 16 = 0. Suppose -96 = -4*g - n*r, 12 = g + 4*r - 12. What are the prime factors of g?
2, 3
List the prime factors of (5510/12)/5 + 2/12.
2, 23
Suppose 2*d - 4 = -2*d + 3*m, 5*d + 4*m = -26. Let f be d + -12*(-24)/9. Let l = f - 21. List the prime factors of l.
3
Let y = 6 - -34. What are the prime factors of y?
2, 5
Let k be (3/(-4))/((-1)/8). Suppose 5*s + 19 - 4 = 0, 0 = -3*u - s - 9. Let m = u + k. What are the prime factors of m?
2
Let t(a) = -a**3 - a**2 - a + 2. Let i be t(0). Let q(k) = 4*k**3 + k**2 - k - 1. What are the prime factors of q(i)?
3, 11
Suppose 1 - 3 = -v. Suppose -2*c = 8, 0 = n + 2*c - v - 0. What are the prime factors of n?
2, 5
Let o(u) = -3*u + 45. List the prime factors of o(0).
3, 5
Let l(d) = -5*d - 3. Let q be l(-2). Suppose q + 10 = 2*k + h, -2*k - 3*h + 7 = 0. What are the prime factors of k?
11
Let v be (-10)/(-4) + (-4)/(-8). Suppose v*p + p = 104. What are the prime factors of p?
2, 13
Let s = -3 - -9. What are the prime factors of s?
2, 3
Suppose 0 = -3*v - 4*d + 231, -2*v - 339 = -6*v + 5*d. List the prime factors of v.
3
Let x be -3 + (-5 - -1 - -3). What are the prime factors of 6/x + 43/2?
2, 5
Let h = 190 - 9. What are the prime factors of h?
181
Let l = -7 - -11. Suppose -l = -5*o + 1. What are the prime factors of -3*(o/(-3) - 1)?
2
Let u = -218 + 372. What are the prime factors of u?
2, 7, 11
Let t(d) = -6*d - 10. What are the prime factors of t(-5)?
2, 5
Suppose -80 = -4*z - 2*k, 0*z + 4*z - 5*k - 52 = 0. Suppose -45 + z = -3*d. List the prime factors of d.
3
Let y(l) = -l**2 + l. Let v(m) = -m**2 + 3*m + 3. Let d(a) = v(a) - 2*y(a). What are the prime factors of d(-5)?
23
Suppose 0 = 3*u - 2*u. Suppose u = -3*v - 3*b - 24, 0*b - 10 = 5*b. What are the prime factors of 9/6*(-32)/v?
2
Let u(a) = a**3 - 5*a**2 - 2*a - 2. What are the prime factors of u(7)?
2, 41
Suppose k = -0 - 4, 